hest common factor of 11142 and u.
18
Suppose 7*h + 334 - 35803 = 0. What is the highest common divisor of 9 and h?
9
Suppose 240*m - 230*m = 640. Suppose m + 189 = 23*l. What is the highest common divisor of 121 and l?
11
Let b be (-1)/1*(19 + -22). Let q be (-382)/(-8) + (-1 - (-5)/4). What is the highest common divisor of b and q?
3
Suppose 0 = -a + 4*a - 12. Suppose -a*v + 336 = 2*v. Let k(i) = 5*i + 44. Let m be k(-6). What is the greatest common divisor of m and v?
14
Let g be 36/8*(-1080064)/(-144) + (-8)/(-1). Calculate the highest common factor of g and 40.
40
Let y be ((720/(-100))/(-9))/((-1)/(-350)). What is the greatest common divisor of 170 and y?
10
Suppose -3*z = 5*x + 191, 3*x = 2*x - 4*z - 45. Let b be 4*207/216*12. Let i = x + b. Calculate the greatest common divisor of 6 and i.
3
Let j be (-13)/39*39 + 289. Calculate the highest common divisor of 8 and j.
4
Let g be 6/4*(7 + -45). Let t = -54 - g. What is the greatest common factor of 11 and t?
1
Let t(o) = -119*o + 2330. Let d be t(18). What is the highest common factor of 6 and d?
2
Let s = -6 + 7. Let z(r) = -r + 29. Let x be z(4). What is the highest common factor of x and s?
1
Suppose 0 = -85*b + 547 + 388. What is the highest common divisor of 3707 and b?
11
Suppose -750*j = -4*n - 753*j + 8691, 0 = 3*n + 3*j - 6522. Calculate the highest common factor of n and 9.
9
Suppose -24*c = -28*c - 348. Let q = 94 + c. Suppose 16*i = q*i + 144. What is the greatest common divisor of 192 and i?
16
Suppose -48*z + 1624 = -20*z. Let t be ((-116)/(-10))/(6/195). What is the greatest common divisor of t and z?
29
Suppose 4*h + 20 = 5*k + 9*h, 5 = 2*k - h. Suppose f + s + 3 = 6, -k = -3*s. Calculate the greatest common divisor of 34 and f.
2
Suppose 0 = -x + 57*t - 61*t + 12013, 5*t + 59915 = 5*x. Calculate the highest common divisor of 38 and x.
19
Let o be (-6)/(-8) - 1 - (-567)/28. Suppose -2*h - 4*i - 12 = 0, -i - o = 3*h + 23. Let n = h + 29. What is the highest common factor of n and 26?
13
Let t(s) be the third derivative of -s**4/6 + s**3/2 - s**2. Let p be t(-2). Suppose -9*r = -p*r + 140. Calculate the highest common divisor of r and 10.
10
Let q = -39088 - -39293. What is the highest common divisor of 63755 and q?
205
Let t = 109 + -55. Suppose -37*v - 374 = -t*v. Let z(k) = 28*k + 2. Let m be z(7). What is the greatest common divisor of v and m?
22
Suppose 23*w - 20*w = 2385. Suppose -8*f - 35 + w = 0. What is the greatest common divisor of 5 and f?
5
Let s be (0 - (2 + -1))*4/(-2). Let u(q) = 4*q**2 + 13*q - 17. Let o be u(s). What is the highest common factor of o and 225?
25
Let a(n) = -3*n + 2. Let p be a(2). Suppose -10*g = 30*g - 800. Let x = g + p. What is the greatest common factor of x and 144?
16
Let h be 1 + -3 - (2 - 13). Suppose -171 = -3*q - 288. Let w = -36 - q. Calculate the highest common factor of h and w.
3
Suppose 10*p - 5*p = 450. Let f(u) = u**3 - 3*u**2 - 3*u - 8. Let s be f(-4). Let q = 144 + s. What is the highest common factor of p and q?
18
Let w = -14416 - -14715. Calculate the greatest common divisor of 208 and w.
13
Let z(l) = -3 - 8*l - 8 + 12 - 8. Let w be z(-2). Suppose -15 = -3*v - 12, 3*f + 3*v = 246. What is the greatest common divisor of w and f?
9
Let l be (-6 - 45/10) + 4/8. Let o be -26*(4 + 315/l). What is the highest common factor of 55 and o?
55
Suppose -21*x = -10503 - 27255. What is the highest common divisor of x and 1550?
62
Let k = 81 - 79. Suppose 2*z = k*b + 32, 6*b = -z + b + 4. Calculate the highest common divisor of z and 6.
2
Suppose -3363 - 2869 = -82*z. Calculate the greatest common factor of z and 36.
4
Suppose -o - 100 = -2*j, -4*o = -0*j - 4*j + 196. Suppose -b + 0 + j = -2*w, 2*b = -3*w + 95. What is the greatest common divisor of b and 7?
7
Let x be (-57)/133 - 123/7. Let p be 122/(-18) + 4/x. Let w(f) = f**2 + 6*f + 2. Let l be w(p). Calculate the greatest common factor of l and 6.
3
Suppose v = -5*c + 321, -3*c + c + 3114 = 10*v. Calculate the greatest common divisor of 3 and v.
1
Suppose 4*u + j = -u + 102, -5*j - 3 = -2*u. Calculate the highest common factor of 7619 and u.
19
Suppose 0 = -2*k + 8*f + 864, 2*k + 3*f - 84 = 758. Calculate the greatest common divisor of 112 and k.
8
Suppose 0 = -329*o + 66*o + 558 + 494. Let u = 33 - 21. Calculate the highest common divisor of o and u.
4
Suppose -3*w - 4*c + 324 = 0, 105 + 11 = w + 4*c. Suppose -5*k - 5*d - 51 + 221 = 0, 0 = -3*k - 5*d + w. What is the greatest common factor of k and 9?
3
Let d(p) = p**3 + 2*p**2 - 4*p + 7. Let z be d(-5). Let g be z/(3 - 4) + -3. Let r be (30/8)/((-135)/(-648)). What is the greatest common divisor of r and g?
9
Suppose o + 9*r - 7*r = 2526, 5*r = 5*o - 12660. What is the highest common divisor of o and 138?
46
Suppose 0 = -2*t + 19*t - 12 - 22. What is the highest common factor of t and 9?
1
Let x be 1/(-3) + 4/12. Suppose -4*u + x = -12. Let y be (-2)/7 + (-46)/(-14). Calculate the highest common divisor of y and u.
3
Let h be ((-2336)/(-60))/8 + (-4)/(-30). Suppose 0 = -10*i + h*i + 220. Let g = 23 + -12. What is the greatest common factor of g and i?
11
Let u = -15467 - -16546. What is the highest common divisor of u and 2656?
83
Let h(m) = m**3 - 2*m**2 - 6*m + 11. Let c be h(3). Suppose 6 = -c*f + 4, -3*k + 3*f = -201. Calculate the highest common divisor of k and 22.
22
Let q(c) = 919*c - 2750. Let m be q(3). What is the highest common divisor of 96 and m?
1
Suppose 2*o + 3*s = -0*o + 26350, o - 4*s = 13208. Calculate the greatest common divisor of o and 64.
64
Suppose 3*m + 152*r = 155*r + 36, -30 = 5*r. Calculate the highest common factor of m and 1356.
6
Let b be ((-18)/42)/(-3)*21. Calculate the highest common factor of b and 14.
1
Suppose -47*y = -34*y - 598. Calculate the highest common factor of y and 7682.
46
Suppose 0 = -2*n - 5*q + 3*q + 20, -n - 3*q + 8 = 0. Let r be (-4)/6 + -282*n/(-198). Calculate the highest common factor of r and 9.
3
Suppose -3*a + 7636 = p - 239, 2*a = 5*p + 5250. Suppose 5*b + a = 26*b. Calculate the highest common divisor of b and 5.
5
Let y(z) = -z**2 - 14*z + 1. Let r be y(-10). Suppose -5*u - 2*w - w + r = 0, -4*u - w = -30. Let a = 3 + -2. Calculate the greatest common factor of u and a.
1
Suppose 145*s = 5*s + 24640. Calculate the greatest common divisor of s and 99.
11
Let z be 8/(-16)*6 - 36/(-4). What is the highest common factor of 730 and z?
2
Suppose -3*r = -0*r - 18. Let v(h) = 4*h + 3 - 7 - r*h. Let b be v(-7). What is the greatest common divisor of 40 and b?
10
Let q(t) = 2*t**3 - 6*t**2 + 15*t - 6. Suppose -3*p - p + 12 = 0. Let o be q(p). Calculate the greatest common divisor of o and 39.
39
Let m be 8*(18/(-42)*5250/(-12))/6. What is the highest common factor of m and 1940?
10
Let q be -3223*(4 - (-12)/(-3) - (-8 - -9)). Calculate the highest common divisor of 33 and q.
11
Let p be (-188)/(-2) - (1 + -3). Suppose 0 = -3*u - w - 15 + 203, 2*w = -3*u + 184. Calculate the greatest common factor of p and u.
32
Suppose -4*r = 432 + 164. Let h = -29 - r. Let l(i) = 6*i**2 - i - 36. Let c be l(3). What is the highest common factor of h and c?
15
Suppose -8*v - 6*v = -42. Suppose 946 = 5*u - v*j - 154, 0 = 3*u - 5*j - 660. Calculate the greatest common factor of 44 and u.
44
Let i be (-2)/6*-3 + (-16 - -19). Suppose i*d - 6*d = -5*p, 0 = p + 5*d - 27. Calculate the highest common factor of p and 162.
2
Suppose 3*y + 118 = 868. Suppose 2*x + 3*s - 620 = 0, 842 = 2*x - 4*s + y. Calculate the highest common divisor of x and 16.
16
Suppose -2*q + 5*x = q - 27, -4*q = -2*x - 22. Let r(f) = -255*f - 1. Let u be r(2). Let o = -467 - u. Calculate the greatest common divisor of q and o.
4
Let r = 16 - 14. Let j(u) = 15*u - 4. Let g be j(r). Let k = 178 + -126. What is the greatest common divisor of g and k?
26
Let t(a) = -1351*a - 4755. Let x be t(-5). What is the highest common divisor of 144 and x?
16
Suppose -29*b + 31*b = 3*h - 705, 2*b - 1605 = -7*h. Calculate the highest common factor of h and 627.
33
Suppose 0 = -28*h + 29*h. Let u be 432*((5 - 4) + h). Calculate the highest common divisor of u and 54.
54
Let t = -11 + 20. Suppose -3*u - 47 + 113 = 3*m, 5*u - 82 = 2*m. What is the greatest common divisor of u and t?
9
Suppose -2*d = w - 7, -5*d - 5*w - 5 = -35. Let o be (